= 4*a - 5*l - 175, l - 181 = 33*a - 37*a. What is the remainder when 170 is divided by a?
35
Suppose -497*d + 500*d = 420. Calculate the remainder when d is divided by 11.
8
Suppose 14*h = 723 + 859. Calculate the remainder when h is divided by 19.
18
Let c(t) = t**2 + 8*t + 10. Let x be c(-7). Suppose x = h + 1. Suppose 4*w - h - 38 = 4*p, -p = 4. Calculate the remainder when 11 is divided by w.
5
Suppose -s + 5*y = -97, -3*s - 31*y = -29*y - 342. What is the remainder when s is divided by 38?
36
Let u(j) = j**2 - 4*j - 10. Let c be u(7). Suppose 0 = 3*q + 2*f - c, -f = 2*q + 3*q - 16. What is the remainder when 20 is divided by (-1 + q/6)*-22?
9
Let b be (82/6)/(4/12). Suppose -4*j - 3*z = -b, 4*j = 3*z + 2*z + 17. Calculate the remainder when j is divided by 2.
0
Let i(b) = -b - 47. Let w be i(0). Suppose 0 = -4*a + 72 - 8. What is the remainder when (-2 + 0)*w/2 is divided by a?
15
Let j(b) = 2*b**2 - 3*b - 5. Let r be j(-3). Calculate the remainder when 4/(-198)*-9 + 194/r is divided by 4.
1
Let f(j) = j + 2. Let o be f(0). Suppose -o*x = -139 + 35. Let p(r) = -r - 24. Calculate the remainder when x is divided by p(-33).
7
Suppose 3*s = -37*d + 35*d + 24, 2 = -s. What is the remainder when 97 is divided by d?
7
Suppose 0 = -3*v - 3*j + 426, v - 3*j + 6*j - 142 = 0. Let d = -82 + v. Calculate the remainder when d is divided by 31.
29
Let o = 2079 - 2052. Calculate the remainder when 159 is divided by o.
24
Let j = -26 + 31. Suppose j*a - 74 = -3*h + 2*h, a = -5*h + 466. What is the remainder when h is divided by 24?
22
Suppose -2 = 3*a + 1. What is the remainder when 173 is divided by (-2 - -3)*a*1*-16?
13
What is the remainder when 496 is divided by ((-1442)/(-618))/(1/3)?
6
Suppose -149*d + 10774 - 3175 = 0. Suppose 3 = -j - 2. Let a = j + 23. What is the remainder when d is divided by a?
15
Let i(p) = -p**2 + 3. Let k be i(-2). What is the remainder when 7 is divided by (-6)/k - (-6 + 9)?
1
Let u = 69 + -23. Let m = -53 + 77. Calculate the remainder when u is divided by m.
22
Suppose v = -o + 51, -12*o + 16*o - 5*v - 177 = 0. Calculate the remainder when o is divided by 11.
4
Suppose 0 = -305*j + 302*j + 492. What is the remainder when j is divided by 33?
32
Let q = -2893 - -2957. What is the remainder when 222 is divided by q?
30
Let b(j) = 37 - 7*j + 2*j + 3*j + 9*j. What is the remainder when b(9) is divided by 26?
22
Let r be (131/(-2) - 7)*(-8)/(-10). Let v = r - -110. What is the remainder when v is divided by 28?
24
Suppose 0 = 7*f - 3*f - 136. Suppose 2*h - 3*h = -f. What is the remainder when h is divided by 7?
6
Let d(l) = -2*l + 1. Let z be d(-6). Suppose -172 = -z*t + 9*t. What is the remainder when t is divided by 22?
21
Suppose 0 = 3*o - 7*o + 388. Suppose 43 = 2*q - 7. What is the remainder when o is divided by q?
22
Let o = 15 - 18. Calculate the remainder when (97 + o)*1*1/2 is divided by 25.
22
Let g = 15 + -56. Let j = -10 - g. What is the remainder when j is divided by 16?
15
Suppose -23 = -2*w - b, -5*w - 4*b = -5*b - 47. Calculate the remainder when 78 is divided by w.
8
Suppose -4*l + 149 = 3*m, 0 = 5*l + 20. Let i = -51 + m. Suppose 12 = 5*g - 3*g. Calculate the remainder when g is divided by i.
2
Suppose 2*x = -2 + 24. Suppose i + 91 = 4*d, -2*d + 0*d + 5*i + 23 = 0. Let r = 27 - d. What is the remainder when x is divided by r?
2
Let i(r) = r**3 - 12*r**2 - 11*r - 18. Let t be i(13). Let y = 0 + 1. Let a = t + y. What is the remainder when a is divided by 5?
4
Let h(n) = -21*n**3 - 3*n - 2. Let o be (20/40)/((-2)/4). Calculate the remainder when 387/6*(-4)/(-3) is divided by h(o).
20
Suppose 0 = 4*r - 2*j - 222, 103 + 65 = 3*r - j. What is the remainder when r is divided by 21?
15
Suppose -4*f = f. Suppose z + 14 = -f*u + 4*u, 2*z = 3*u - 13. Suppose 42 = u*s + 6. Calculate the remainder when 34 is divided by s.
10
Suppose 48 = k + 3*x + x, -2*k - 4*x + 84 = 0. Calculate the remainder when k is divided by 27/63 + 670/70.
6
Let p(d) = -41*d - 343. What is the remainder when p(-11) is divided by 24?
12
Let g be -9 + 3 + -4 + 2. What is the remainder when 3/(-6) + (-996)/g is divided by 21?
19
Suppose 0 = -4*d - 2*l + 32, -d + 6*d - 4*l - 40 = 0. Let a(m) = 31*m. Let z be a(2). Let p = 93 - z. What is the remainder when p is divided by d?
7
Let v(m) = 3*m - 1. Let c be v(-1). Let z = -4 - c. Suppose 40 = 2*w + 2*j, w + z*w + 4*j = 35. What is the remainder when 59 is divided by w?
14
Let c(i) = -i**2 + 13*i - 10. Let r be c(12). Suppose 2*w - 7*w - 2*a = -729, 4*w + r*a = 582. Calculate the remainder when w is divided by 37.
36
Suppose 0*g - w - 3 = -4*g, -3*g = -5*w + 2. Suppose -a - g = 0, 0*h + 5*a = -4*h + 127. What is the remainder when h is divided by 17?
16
Let i(r) = r**3 + 12*r**2 + 14*r - 15. What is the remainder when i(-8) is divided by 44?
41
Let k = -825 + 865. What is the remainder when k is divided by 40?
0
Let m = 1373 - 1252. Calculate the remainder when 373 is divided by m.
10
Let p(t) = t**3 - 11*t**2 + 12*t + 12. Let k = 0 - -20. Suppose -3*y = -4*x + 34, -4*y - y + k = x. Calculate the remainder when p(x) is divided by 11.
10
Calculate the remainder when (4/3)/(-4) + (-30340)/(-246) is divided by (-1 - -37)*(-2)/(-4).
15
Let a(y) = -2*y**2 + 33*y - 33. Let p(q) = q**3 - q**2 - q. Let s be p(0). Suppose -3*z + 4*z - 47 = s. Calculate the remainder when z is divided by a(15).
11
Suppose 5*l + 270 = -2*w, -3*w + 13 = -l - 41. Let m = l + 99. Calculate the remainder when 133 is divided by m.
43
Let l(t) = -10*t**2 - 2*t + 3. Let q be l(1). What is the remainder when 67 is divided by 57/(-54)*-22 - (-2)/q?
21
Let l(c) = c**2 - 17*c - 6. Calculate the remainder when 157 is divided by l(20).
49
Suppose 3*w = -9, -s + 4 + 3 = 2*w. Calculate the remainder when 256 is divided by s.
9
Let t = -31 - -58. Let f(x) = 13*x**2 - x**2 + 0*x - x**3 - 8*x - x**2 - 10. Calculate the remainder when f(9) is divided by t.
26
Suppose -3*l = -5*l + 6. Suppose l*j - 120 = -3*r, 5*j + r = -58 + 238. Calculate the remainder when j is divided by 20/12 - (-6)/36*98.
17
Let c = -14 - -17. Let g(m) = 11*m + 7. What is the remainder when g(c) is divided by 15?
10
Suppose 5*c + 4*s = 2245, 4*s + 289 + 184 = c. Calculate the remainder when c is divided by 35.
33
Suppose -6 = -3*x - 2*f + 19, 0 = x - f. Suppose -x*h = 4*o - 289, -3*h - 5*o = -5*h + 142. Let s = h - 42. What is the remainder when 74 is divided by s?
17
Let z be 136/(-22) - 8/(-44). Let o = -6 - z. Let i(a) = -a**2 - a + 17. Calculate the remainder when 82 is divided by i(o).
14
Let d = 199 - 181. Let x(s) = 39*s + 1. Let i be x(4). Suppose i = 5*y - 108. What is the remainder when y is divided by d?
17
Suppose 0 = 4*m + 4*v - 220, m + 6*v - 55 = 7*v. What is the remainder when 164 is divided by m?
54
Calculate the remainder when 31 is divided by ((-108)/(-90))/((-2)/(-15)).
4
Let y(k) = -k**3 + 17*k**2 - 29*k - 34. Calculate the remainder when 286 is divided by y(14).
138
Let l = -89 - -368. What is the remainder when l is divided by 8?
7
Let p = 23 - 13. Suppose -20*r + 32 = -12*r. Calculate the remainder when -3 + (p - 3) - -3 is divided by r.
3
Let o be -3*(-304)/12 + 2. Let n = 168 - o. Suppose -3*l = -l - n. Calculate the remainder when l is divided by 16.
13
Suppose 0 = -5*q + 56 - 11. Let p = 131 + q. Suppose 3*i + 2*a = 7*i - p, 0 = -5*i + 3*a + 177. What is the remainder when i is divided by 9?
6
Suppose -3*g - 4*j - 512 = g, g = 4*j - 113. Let y = 114 + -72. Calculate the remainder when y is divided by (-5)/(-2)*(-550)/g.
9
Let s(b) = 5*b - 28. Let j(y) = y - 1. Let d(p) = -2*j(p) + s(p). What is the remainder when 85 is divided by d(16)?
19
Let b = 23 - 5. Let x = 451 - 244. What is the remainder when 5/20 + x/4 is divided by b?
16
Let y(f) = f**3 - 6*f**2 + f - 4. Let b be y(6). Suppose -31 = b*q - 81. What is the remainder when q is divided by 9?
7
Suppose 480 = 5*y - 4*p - 90, -5*y + p + 555 = 0. Suppose a + 12 = 3*x - 2*x, y = 5*x + 5*a. Calculate the remainder when x is divided by 9.
8
What is the remainder when 316 is divided by 1/(2/56) - 1?
19
Let n(k) = -6*k**3 - k - 1. What is the remainder when (-117)/36*-6*(-4)/(-6) is divided by n(-1)?
1
Suppose -53 = 8*x - 341. Calculate the remainder when 2410 is divided by x.
34
Calculate the remai